{"id":18593,"date":"2026-04-01T11:45:05","date_gmt":"2026-04-01T10:45:05","guid":{"rendered":"https:\/\/martineznogueira.com\/"},"modified":"2026-04-01T11:51:40","modified_gmt":"2026-04-01T10:51:40","slug":"piso-de-aluguer-na-rua-reza-ourense","status":"publish","type":"property","link":"https:\/\/martineznogueira.com\/gl\/propiedade\/piso-de-aluguer-na-rua-reza-ourense\/","title":{"rendered":"Piso para alugar na r\u00faa Reza, Ourense"},"content":{"rendered":"<p>Piso amoblado de dous dormitorios, composto por coci\u00f1a, sal\u00f3n e ba\u00f1o. Balc\u00f3n luminoso con lavadora e espazo de almacenaxe. Un garaxe nun edificio pr\u00f3ximo est\u00e1 inclu\u00eddo no prezo. As taxas de servizo ab\u00f3anse por separado e ascenden a 50 \u20ac. Calefacci\u00f3n de gas\u00f3leo con contador individual. Requ\u00edrese unha fianza equivalente a un mes de aluguer e un mes adicional como dep\u00f3sito de garant\u00eda.<\/p>","protected":false},"excerpt":{"rendered":"<p>Piso amoblado de dous dormitorios, composto por coci\u00f1a, sal\u00f3n e ba\u00f1o. Balc\u00f3n luminoso con lavadora e espazo de almacenaxe. Un garaxe nun edificio pr\u00f3ximo est\u00e1 inclu\u00eddo no prezo. As taxas de servizo ab\u00f3anse por separado e ascenden a 50 \u20ac. Calefacci\u00f3n de gas\u00f3leo con contador individual. Requ\u00edrese unha fianza equivalente a un mes de aluguer e un mes adicional como dep\u00f3sito de garant\u00eda.<\/p>","protected":false},"author":16,"featured_media":18604,"parent":0,"menu_order":0,"template":"","property_type":[107,92],"property_status":[66],"property_feature":[121,120,136,102,90],"property_label":[],"property_country":[114],"property_state":[139],"property_city":[119],"property_area":[],"class_list":["post-18593","property","type-property","status-publish","has-post-thumbnail","hentry","property_type-apartmento","property_type-residencial","property_status-alquiler","property_feature-armarios-empotrados","property_feature-balcon","property_feature-calefaccion-individual","property_feature-lavadora","property_feature-nevera","property_country-espana","property_state-ourense","property_city-ourense"],"property_meta":{"_edit_lock":["1775041200:16"],"rank_math_internal_links_processed":["1"],"rank_math_seo_score":["9"],"_thumbnail_id":["18604"],"_edit_last":["16"],"fave_show_price_placeholder":["0"],"fave_property_map":["1"],"fave_property_location":["42.3377238,-7.8664543,18"],"houzez_geolocation_lat":["42.3377238"],"houzez_geolocation_long":["-7.8664543"],"fave_property_map_street_view":["hide"],"fave_featured":["0"],"houzez_featured_listing_date":[""],"fave_loggedintoview":["0"],"fave_agent_display_option":["author_info"],"fave_prop_homeslider":["no"],"fave_single_top_area":["global"],"fave_single_content_area":["global"],"houzez_manual_expire":["0"],"_houzez_expiration_date_status":["saved"],"houzez_total_property_views":["104"],"houzez_views_by_date":["a:26:{s:10:\"04-01-2026\";i:39;s:10:\"04-02-2026\";i:4;s:10:\"04-03-2026\";i:2;s:10:\"04-04-2026\";i:4;s:10:\"04-06-2026\";i:4;s:10:\"04-07-2026\";i:7;s:10:\"04-08-2026\";i:3;s:10:\"04-09-2026\";i:3;s:10:\"04-10-2026\";i:3;s:10:\"04-11-2026\";i:1;s:10:\"04-12-2026\";i:1;s:10:\"04-13-2026\";i:2;s:10:\"04-14-2026\";i:2;s:10:\"04-15-2026\";i:1;s:10:\"04-16-2026\";i:4;s:10:\"04-17-2026\";i:1;s:10:\"04-18-2026\";i:3;s:10:\"04-20-2026\";i:1;s:10:\"04-21-2026\";i:1;s:10:\"04-22-2026\";i:4;s:10:\"04-23-2026\";i:3;s:10:\"04-24-2026\";i:1;s:10:\"04-27-2026\";i:3;s:10:\"04-29-2026\";i:1;s:10:\"04-30-2026\";i:3;s:10:\"05-02-2026\";i:3;}"],"houzez_recently_viewed":["2026-05-02 09:38:16"],"fave_property_price":["675"],"fave_property_size":["75"],"fave_property_land":["70"],"fave_property_bedrooms":["2"],"fave_property_bathrooms":["1"],"fave_property_map_address":["R\u00faa de Reza, Ourense, Galicia, 32003, Espa\u00f1a"],"fave_property_images":["18609","18608","18607","18606","18605","18604","18603","18602","18601","18600","18599","18594","18596"],"additional_features":["a:1:{i:0;a:1:{s:29:\"fave_additional_feature_title\";s:37:\"Piso en alquiler, Calle Reza, Ourense\";}}"],"_elementor_page_assets":["a:0:{}"]},"_links":{"self":[{"href":"https:\/\/martineznogueira.com\/gl\/wp-json\/wp\/v2\/properties\/18593","targetHints":{"allow":["GET"]}}],"collection":[{"href":"https:\/\/martineznogueira.com\/gl\/wp-json\/wp\/v2\/properties"}],"about":[{"href":"https:\/\/martineznogueira.com\/gl\/wp-json\/wp\/v2\/types\/property"}],"author":[{"embeddable":true,"href":"https:\/\/martineznogueira.com\/gl\/wp-json\/wp\/v2\/users\/16"}],"version-history":[{"count":1,"href":"https:\/\/martineznogueira.com\/gl\/wp-json\/wp\/v2\/properties\/18593\/revisions"}],"predecessor-version":[{"id":18611,"href":"https:\/\/martineznogueira.com\/gl\/wp-json\/wp\/v2\/properties\/18593\/revisions\/18611"}],"wp:featuredmedia":[{"embeddable":true,"href":"https:\/\/martineznogueira.com\/gl\/wp-json\/wp\/v2\/media\/18604"}],"wp:attachment":[{"href":"https:\/\/martineznogueira.com\/gl\/wp-json\/wp\/v2\/media?parent=18593"}],"wp:term":[{"taxonomy":"property_type","embeddable":true,"href":"https:\/\/martineznogueira.com\/gl\/wp-json\/wp\/v2\/property_type?post=18593"},{"taxonomy":"property_status","embeddable":true,"href":"https:\/\/martineznogueira.com\/gl\/wp-json\/wp\/v2\/property_status?post=18593"},{"taxonomy":"property_feature","embeddable":true,"href":"https:\/\/martineznogueira.com\/gl\/wp-json\/wp\/v2\/property_feature?post=18593"},{"taxonomy":"property_label","embeddable":true,"href":"https:\/\/martineznogueira.com\/gl\/wp-json\/wp\/v2\/property_label?post=18593"},{"taxonomy":"property_country","embeddable":true,"href":"https:\/\/martineznogueira.com\/gl\/wp-json\/wp\/v2\/property_country?post=18593"},{"taxonomy":"property_state","embeddable":true,"href":"https:\/\/martineznogueira.com\/gl\/wp-json\/wp\/v2\/property_state?post=18593"},{"taxonomy":"property_city","embeddable":true,"href":"https:\/\/martineznogueira.com\/gl\/wp-json\/wp\/v2\/property_city?post=18593"},{"taxonomy":"property_area","embeddable":true,"href":"https:\/\/martineznogueira.com\/gl\/wp-json\/wp\/v2\/property_area?post=18593"}],"curies":[{"name":"wp","href":"https:\/\/api.w.org\/{rel}","templated":true}]}}

Piso para alugar na rúa Reza, Ourense

<p>Piso amoblado de dous dormitorios, composto por cociña, salón e baño. Balcón luminoso con lavadora e espazo de almacenaxe. Un garaxe nun edificio próximo está incluído no prezo. As taxas de servizo abóanse por separado e ascenden a 50 €. Calefacción de gasóleo con contador individual. Requírese unha fianza equivalente a un mes de aluguer e un mes adicional como depósito de garantía.</p>

Rúa de Reza, Ourense, Galicia, 32003, España
